 = j**3 + 2*j**2 - 2*j - 4. Determine r(b).
-7
Suppose x - 2 = -5. Let u(y) be the second derivative of y**6/360 + y**5/120 - y**4/8 + y**3/2 + 2*y. Let s(l) be the second derivative of u(l). Give s(x).
3
Let m(z) = -7*z**2 + z + 4. Let o(b) = -6*b**2 + 2*b + 3. Let y(h) = -5*m(h) + 6*o(h). Suppose 5*k - 2*p - 28 = 0, 0*k = -2*k + 4*p + 8. Determine y(k).
4
Let t(d) = d**2 - 11*d + 13. Let u be (55/(-33))/(5/(-6)). Suppose 0 = 2*p + u*r - 28, p - 6*p - 2*r + 55 = 0. Give t(p).
-5
Let o(a) = -3*a**2 + 2*a - 6. Let k(w) = 6 + w**2 + 4*w**2 + 0 - w - w**2. Let m(s) = -2*k(s) - 3*o(s). Give m(4).
6
Let q(b) = -9*b**2 + 4*b + 1. Let m(v) = -4*v**2 + v + 1. Let p(a) = -5*m(a) + 2*q(a). Calculate p(-3).
6
Let k(m) = m**2 + 8*m - 2. Suppose -2*w = 3*a + 5, 34*w + 2*a - 18 = 38*w. Calculate k(w).
-18
Suppose -w = -0*w - 27. Suppose -3*d - 3*t = -33, 0*d = d + 5*t - w. Let m(u) = -u**2 + 8*u - 5. Give m(d).
2
Let g = 9 - -8. Let n(f) = f**2 - 15*f + 6. Let s be n(13). Let u = s + g. Let k(c) = -5*c. Calculate k(u).
15
Let m be (-138)/(-27) - 8/72. Let d(x) = m - 4 + 5*x - x. What is d(1)?
5
Let z = -8 - -12. Let a be 7 - (5 - 2)/3. Suppose 5*d - 29 = -0*m + z*m, 0 = -m + d - a. Let q(j) = j + 2. Give q(m).
1
Suppose 0 = -4*h - 5*y + 14 + 34, -4 = -y. Let o(m) be the second derivative of m**5/20 - m**4/2 - 4*m**3/3 + 5*m**2 - m. Calculate o(h).
3
Let c(y) be the first derivative of -y - 32*y**2 + 3 + 0*y + y**4 + 33*y**2. Let u(k) = k**2 - 7*k + 7. Let o be u(6). Calculate c(o).
5
Let b(o) be the first derivative of -3/2*o**2 + 2/3*o**3 - 3*o + 19 + 1/4*o**4. Determine b(-2).
3
Let d = 1 + -7. Let n(t) be the third derivative of -t**6/360 - t**5/30 - 11*t**4/24 - 11*t**2. Let o(q) be the second derivative of n(q). Determine o(d).
8
Suppose 3*h + 0*h - 28 = -4*k, -5*k + 5*h = 0. Let a(l) = l. Let u(j) = j**3 - 5*j**2 + 10*j - 1. Let q(m) = -4*a(m) + u(m). Determine q(k).
7
Let l(k) = 18*k - 36. Let d(g) = -5*g + 12. Let c(w) = 7*d(w) + 2*l(w). Determine c(10).
22
Let v(p) = -p**2 - 7*p + 9. Let c be v(-6). Let t be 0 - (42/28 + c/(-2)). Let x(l) = -l**3 + 5*l**2 + 6*l + 4. Give x(t).
4
Let q(s) be the second derivative of -7*s - 1/6*s**3 + 1/2*s**2 + 0. Calculate q(1).
0
Let f = 49 - 45. Let i(c) be the first derivative of 1 - 1/2*c**2 + 4/3*c**3 - 1/4*c**4 + c. What is i(f)?
-3
Let s(h) = 109*h + 200*h - 307*h + 1. Suppose 0 = q + 2 - 4. Calculate s(q).
5
Let h(p) = -4*p**2 + 1. Let w(o) = -9*o**2 - o + 2. Suppose 2*c + 10 = 7*c. Let l(k) = c*w(k) - 5*h(k). Give l(2).
3
Let u(q) = 0 + q**3 + 2 + 3*q + 12 - 5 - 7 - 5*q**2. Let c = -10 + 14. Suppose c*y - 11 = 5. Determine u(y).
-2
Let s(q) be the second derivative of -1/60*q**5 + 0*q**4 + 4*q**2 - q - 5/6*q**3 + 0. Let g(b) be the first derivative of s(b). What is g(0)?
-5
Let j(v) be the third derivative of -v**5/60 - v**4/24 + v**3/3 - 34*v**2. Let f be j(-2). Let w(q) = q**2 + q - 30. Calculate w(f).
-30
Let a(s) be the second derivative of -s**5/20 + s**4/6 + 2*s**3/3 + 3*s**2/2 - 24*s + 1. Suppose 8 = 4*j + 4*x, 5*j - 5*x + x + 26 = 0. Calculate a(j).
11
Let m(s) = -3*s - 1. Let f(y) be the second derivative of y**4/12 + 3*y**3/2 - 2*y**2 + 5*y. Let c be f(-8). Let v = c - -14. Determine m(v).
-7
Let p(l) be the first derivative of -l**3/3 + 4*l**2 - 8*l + 151. Give p(6).
4
Let h(g) be the third derivative of 0 + 0*g + 1/8*g**4 - 1/6*g**3 + 36*g**2. What is h(-4)?
-13
Suppose 4*g + 0*m = 2*m + 14, 22 = 5*g - 4*m. Let n be 1 + (g - 1 - -2). Let y(w) = -8*w**2 - 7*w + n*w + 4*w. What is y(1)?
-7
Let y(j) = -12 - j**2 - 2*j**3 - j + 3*j + 7 + j**3 + 10. Give y(-2).
5
Let a(b) = b**2 - b + 1. Let o(f) = 4*f**2 - 18*f - 14. Let l(q) = -3*a(q) + o(q). Give l(16).
-1
Let i = -391 + 370. Let y(a) = -a**2 - 22*a - 24. Calculate y(i).
-3
Suppose -39*m + 31*m - 40 = 0. Let u(h) = -h**3 - 6*h**2 - 5*h + 4. What is u(m)?
4
Let h(r) be the first derivative of 3*r - 27 + 1/2*r**2. Calculate h(-7).
-4
Let q(y) be the second derivative of y**4/12 + 5*y**3/6 - 3*y**2 - 606*y. Determine q(-6).
0
Let s(w) = -2*w**3 + 4*w**2 - 3*w + 1. Let z be ((-4)/(-2))/((-2)/(-4)). Let n(o) = -3*o - z + 9*o + 0*o - 5*o. Let x be n(6). Determine s(x).
-5
Suppose 6*b = 16 + 20. Suppose -5*c + 5*o = -5, -3*c + 2*o + b = -2. Let t(n) = n**3 - 7*n**2 + 6*n + 6. Give t(c).
6
Let a(i) = -4*i + 1. Let k(n) = -2*n + 35. Let j be k(24). Let t be (-4 - -1)*(j - -14). Give a(t).
13
Let s(k) = -50 + 10*k - 52 - 48 + 131 + k**2. What is s(-10)?
-19
Let l(y) be the first derivative of -y**2/2 - 6474. Let t = -19 - -8. Let p = t - -5. What is l(p)?
6
Suppose 3*r - u = -4, 213*u - 8 = -4*r + 211*u. Let y(k) = 4 + 0*k + 0*k**3 + k**3 - k. What is y(r)?
4
Let t(l) = -105*l + 112. Let d be t(1). Let v be (7/1 - 1)/2. Let p(g) = g + 1 - v - 2*g. What is p(d)?
-9
Let l(r) be the second derivative of 0 + 13*r + 1/3*r**3 - 1/2*r**2. Determine l(-2).
-5
Let r(s) = s**3 - 5*s**2 - 5*s + 7. Let d(j) = -j**2 + 10*j - 18. Let i be d(4). Calculate r(i).
13
Let p(r) = 2 - r - 5*r**2 - 2*r**2 - 2 - 1. Suppose 0 = 4*m - 7*m - 33. Let b = 10 + m. Calculate p(b).
-7
Let n be -3 + 5 + 2 - -2. Let x(q) = 0*q + 7*q + 1 + 9*q - 17*q. Give x(n).
-5
Let v(r) = -2*r + 6 + 1 - 6 + 3*r. Suppose 9 = 3*p + 3. Suppose 3*d + 3 = y, 0*d - 6 = d - p*y. Give v(d).
1
Let m(z) = -39*z + 7. Let f(j) = j - 14. Let t be f(18). Let p(k) = k - 3 + 20*k - 2*k. Let g(b) = t*m(b) + 9*p(b). What is g(-1)?
-14
Let c(t) = t. Let m be 4*3/6 + -1. Let n be (6*2)/(m + 1). Suppose -2*j - j = -n. Calculate c(j).
2
Let k(t) = -2*t. Let r(b) = -4*b - 4. Let q(o) = 3*k(o) - r(o). Calculate q(-4).
12
Let p(w) = -w**2 + 4. Let g be p(0). Let i = -44 - -41. Let l(o) = o - 2. Let a(r) = -r**2 + 2*r + 5. Let f(d) = i*l(d) - a(d). Determine f(g).
-3
Let l = 230 + -237. Let c(g) = -5*g**2 - 46*g - 31. Let i(w) = -w**2 - 9*w - 6. Let u(k) = -2*c(k) + 11*i(k). Give u(l).
-4
Suppose v - 12 = 6*y - 3*y, 2*y - 5 = 5*v. Let x(w) = -w**3 - 6*w**2 - 3*w + 4. Determine x(y).
-6
Let b(x) be the first derivative of x**5/20 + 7*x**4/12 + 5*x**3/6 - 7*x**2/2 - 34*x - 22. Let k(q) be the first derivative of b(q). Determine k(-6).
-1
Let j(q) = -q**3 + 2*q + 4. Suppose -d + 10 = -4*r, 2*d - 2*r = -4*r. Let z be 1 - 21*4/(-6). Suppose -4*i + d*h = -4, h - 4*h + z = i. Calculate j(i).
-17
Let m be 3 + 12 + -13 + 3. Let w(b) be the first derivative of 5/2*b**2 - 1/3*b**3 - m + 9*b. What is w(7)?
-5
Let m = -42 + 45. Let z(d) = -4 + 5*d**3 + m + 828*d**2 - 826*d**2. What is z(-1)?
-4
Let h be (-5)/((1 - 1) + -1). Suppose h*k - 2 = o + 2*o, -2*o + 4*k - 4 = 0. Let f(a) = -2*a + 9. Give f(o).
-3
Let m(f) be the third derivative of 5*f**2 - 1/120*f**6 + 0 + 1/6*f**3 - 1/4*f**4 - 1/10*f**5 + 0*f. What is m(-5)?
6
Let o be (-172)/129*(-6)/4. Let l(k) be the first derivative of 1/3*k**3 - 7/2*k**o + 6*k + 12. What is l(7)?
6
Suppose 75*q - 71*q = -16. Let z(c) = -11*c - 5. Determine z(q).
39
Let u(f) be the third derivative of -f**5/60 + 3*f**4/8 + 3*f**3/2 + 19*f**2. Determine u(11).
-13
Let f(v) be the second derivative of -v**3/6 + 4*v**2 - 2*v. Let c(x) = -2 - 1 + 3*x**2 - x**2 - x**2. Let q be c(3). Give f(q).
2
Let q(l) = 11*l - 3. Suppose m - 98*o + 11 = -100*o, 2*m - 4*o - 10 = 0. Calculate q(m).
-36
Let r(t) = t**2 - 3*t + 4. Let d be r(3). Let x be (5/d)/((-3)/12). Let s(w) be the first derivative of w**4/4 + 4*w**3/3 - 5*w**2/2 - 3*w - 100. Give s(x).
-3
Let u = 4 + 1. Let q(o) be the second derivative of o**5/20 - 5*o**4/12 + o**3/2 - 2*o**2 - 571*o. Give q(u).
11
Let o(j) = -j**3 - j**2 + 2. Let a be (10/(-6) - -2)*0. Give o(a).
2
Let h(n) = -2*n**2 - 5*n + 3. Let b = -20 + 37. Suppose -2*q = -b + 11. Suppose -4*z - q = 13. Give h(z).
-9
Let a(p) = -p**2 - 6*p + 6. Let i be 6/4*310/(-93). Calculate a(i).
11
Let i = 664 + -660. Let h(z) = -z**3 + 5*z**2 - 2*z - 5. Calculate h(i).
3
Suppose 8*s + 255 = 223. Let o(v) = -2*v. Give o(s).
8
Let x be 0 + -5 + -9 + (0 - -16). Let v(r) be the second derivative of 1/12*r**4 + 9*r - 1/6*r**3 - 3*r**x + 0. What is v(0)?
-6
Let a(c) = -1. Let q(f) = 4*f - 2. Let i(d) = 6*a(d) - q(d). What is i(-6)?
20
Let r(c) = 2 - 139*c**3 - 8*c**2 - 139*c**3 - 136*c**3 + c + 413*c**3. Determine r(-8).
-6
Let o(v) = v**3 - 4*v**2 + v. Let g be (-30)/60 + (-1)/(2/(-33)). Suppose 4*t = 3*l + 10 + 